{"id":260,"date":"2021-02-22T12:10:50","date_gmt":"2021-02-22T11:10:50","guid":{"rendered":"http:\/\/lebensfragen.at\/?post_type=product&#038;p=260"},"modified":"2023-10-18T10:45:41","modified_gmt":"2023-10-18T08:45:41","slug":"silberschnur-kinderwunsch-schwangerschaft-babygespraech","status":"publish","type":"product","link":"https:\/\/lebensfragen.at\/index.php\/product\/silberschnur-kinderwunsch-schwangerschaft-babygespraech\/","title":{"rendered":"Silberschnur &#8211; Kinderwunsch, Schwangerschaft, Babygespr\u00e4ch"},"content":{"rendered":"<h3 style=\"text-align: center;\"><strong>Silberschnur &#8211; <\/strong><\/h3>\n<h3 style=\"text-align: center;\"><strong>Kinderwunsch, Schwangersc<\/strong><strong>haft, Babygespr\u00e4ch<\/strong><\/h3>\n<p><img loading=\"lazy\" decoding=\"async\" class=\"alignnone size-medium wp-image-261 aligncenter\" src=\"http:\/\/lebensfragen.at\/wp-content\/uploads\/2021\/02\/baby-718146_1280-300x201.jpg\" alt=\"\" width=\"300\" height=\"201\" srcset=\"https:\/\/lebensfragen.at\/wp-content\/uploads\/2021\/02\/baby-718146_1280-300x201.jpg 300w, https:\/\/lebensfragen.at\/wp-content\/uploads\/2021\/02\/baby-718146_1280-1024x685.jpg 1024w, https:\/\/lebensfragen.at\/wp-content\/uploads\/2021\/02\/baby-718146_1280-768x514.jpg 768w, https:\/\/lebensfragen.at\/wp-content\/uploads\/2021\/02\/baby-718146_1280-350x234.jpg 350w, https:\/\/lebensfragen.at\/wp-content\/uploads\/2021\/02\/baby-718146_1280.jpg 1280w\" sizes=\"auto, (max-width: 300px) 100vw, 300px\" \/><\/p>\n<p>Aus eigener Erfahrung wei\u00df ich, wie belastend ein unerf\u00fcllter Kinderwunsch sein kann. Aus eigener Erfahrung wei\u00df ich jedoch auch, wie schwierig eine Schwangerschaft sein kann und wie viele Fragen und Zweifel doch auftauchen, wenn das Baby erst mal da ist.<\/p>\n<p>Deshalb lasse mir dir hier helfen und deine offenen Fragen beantworten. Egal ob es sich hierbei um einen unerf\u00fcllten Kinderwunsch handelt und dich die Zweifel nach dem warum plagen oder ob du Fragen zu deinem Baby sowohl in deinem Bauch oder nach der Geburt hast, melde dich einfach.<\/p>\n<p>Ich verbinde mich mit dem Energiefluss deiner Kinderseele und kann dir hier Fragen beantworten wie:<\/p>\n<ul>\n<li>Was brauchst du, um schwanger zu werden?<\/li>\n<li>Woran liegt dein unerf\u00fcllter Kinderwunsch?<\/li>\n<li>Was braucht dein Baby?<\/li>\n<li>Was kannst du daf\u00fcr tun, um deine Zweifel aus dem Weg zu r\u00e4umen und wieder in die Klarheit zu kommen?<\/li>\n<li>uvm.<\/li>\n<\/ul>\n<p>Traue dich, dich einfach zu melden &#8211; es gibt keine peinlichen Fragen &#8211; hole dir die Klarheit, die du hier brauchst!<\/p>\n<p>Du erreichst mich unter office@lebensfragen.at&#8230;<\/p>\n<p>&nbsp;<\/p>\n","protected":false},"excerpt":{"rendered":"<p>Silberschnur &#8211; Kinderwunsch, Schwangerschaft, Babygespr\u00e4ch Aus eigener Erfahrung wei\u00df ich, wie belastend ein unerf\u00fcllter Kinderwunsch sein kann. Aus eigener Erfahrung wei\u00df ich jedoch auch, wie schwierig eine Schwangerschaft sein kann und wie viele Fragen und Zweifel doch auftauchen, wenn das Baby erst mal da ist. Deshalb lasse mir dir hier helfen und deine offenen Fragen &hellip; <\/p>\n<p class=\"link-more\"><a href=\"https:\/\/lebensfragen.at\/index.php\/product\/silberschnur-kinderwunsch-schwangerschaft-babygespraech\/\" class=\"more-link\"><span class=\"screen-reader-text\">\u201eSilberschnur &#8211; Kinderwunsch, Schwangerschaft, Babygespr\u00e4ch\u201c <\/span>weiterlesen<\/a><\/p>\n","protected":false},"featured_media":261,"template":"","meta":[],"product_brand":[],"product_cat":[17],"product_tag":[46,47,43,44,48,45],"class_list":{"0":"post-260","1":"product","2":"type-product","3":"status-publish","4":"has-post-thumbnail","6":"product_cat-uncategorized","7":"product_tag-hilflosigkeit","8":"product_tag-kinder","9":"product_tag-kinderwunsch","10":"product_tag-schwangerschaft","11":"product_tag-silberschnur","12":"product_tag-ungeduld","14":"first","15":"instock","16":"virtual","17":"taxable","18":"purchasable","19":"product-type-simple"},"_links":{"self":[{"href":"https:\/\/lebensfragen.at\/index.php\/wp-json\/wp\/v2\/product\/260","targetHints":{"allow":["GET"]}}],"collection":[{"href":"https:\/\/lebensfragen.at\/index.php\/wp-json\/wp\/v2\/product"}],"about":[{"href":"https:\/\/lebensfragen.at\/index.php\/wp-json\/wp\/v2\/types\/product"}],"wp:featuredmedia":[{"embeddable":true,"href":"https:\/\/lebensfragen.at\/index.php\/wp-json\/wp\/v2\/media\/261"}],"wp:attachment":[{"href":"https:\/\/lebensfragen.at\/index.php\/wp-json\/wp\/v2\/media?parent=260"}],"wp:term":[{"taxonomy":"product_brand","embeddable":true,"href":"https:\/\/lebensfragen.at\/index.php\/wp-json\/wp\/v2\/product_brand?post=260"},{"taxonomy":"product_cat","embeddable":true,"href":"https:\/\/lebensfragen.at\/index.php\/wp-json\/wp\/v2\/product_cat?post=260"},{"taxonomy":"product_tag","embeddable":true,"href":"https:\/\/lebensfragen.at\/index.php\/wp-json\/wp\/v2\/product_tag?post=260"}],"curies":[{"name":"wp","href":"https:\/\/api.w.org\/{rel}","templated":true}]}}