{"id":203,"date":"2021-02-17T10:13:09","date_gmt":"2021-02-17T09:13:09","guid":{"rendered":"http:\/\/5.132.160.136\/?post_type=product&#038;p=203"},"modified":"2026-03-24T09:19:24","modified_gmt":"2026-03-24T08:19:24","slug":"engelbotschaft","status":"publish","type":"product","link":"https:\/\/lebensfragen.at\/index.php\/product\/engelbotschaft\/","title":{"rendered":"Engelbotschaft"},"content":{"rendered":"<h1 style=\"text-align: center;\"><strong>Engelbotschaft<\/strong><\/h1>\n<p><img loading=\"lazy\" decoding=\"async\" class=\"alignnone size-medium wp-image-207 aligncenter\" src=\"http:\/\/5.132.160.136\/wp-content\/uploads\/2021\/02\/christmas-3838211_1280-300x193.jpg\" alt=\"\" width=\"300\" height=\"193\" srcset=\"https:\/\/lebensfragen.at\/wp-content\/uploads\/2021\/02\/christmas-3838211_1280-300x193.jpg 300w, https:\/\/lebensfragen.at\/wp-content\/uploads\/2021\/02\/christmas-3838211_1280-1024x658.jpg 1024w, https:\/\/lebensfragen.at\/wp-content\/uploads\/2021\/02\/christmas-3838211_1280-768x493.jpg 768w, https:\/\/lebensfragen.at\/wp-content\/uploads\/2021\/02\/christmas-3838211_1280-350x225.jpg 350w, https:\/\/lebensfragen.at\/wp-content\/uploads\/2021\/02\/christmas-3838211_1280.jpg 1280w\" sizes=\"auto, (max-width: 300px) 100vw, 300px\" \/><\/p>\n<p>Erhalte eine schriftliche und ausf\u00fchrliche Botschaft deiner Engel \u2013 deine Fragen werden hier integriert und\u00a0 ausf\u00fchrlich von deinem Engeln beantwortet.<\/p>\n<p>Ein wundervoller Energiefluss, der dich \u00fcber Wochen begleitet und unterst\u00fctzt. Du erh\u00e4ltst auch deine Seelenzahl und Information welcher Engel dir gerade unterst\u00fctzend zur Seite steht.<\/p>\n<p>Wenn f\u00fcr dich etwas unklar sein sollte, so bitte melde dich einfach unter <a href=\"mailto:office@lebensfragen.at\">office@lebensfragen.at<\/a><\/p>\n","protected":false},"excerpt":{"rendered":"<p>Engelbotschaft Erhalte eine schriftliche und ausf\u00fchrliche Botschaft deiner Engel \u2013 deine Fragen werden hier integriert und\u00a0 ausf\u00fchrlich von deinem Engeln beantwortet. Ein wundervoller Energiefluss, der dich \u00fcber Wochen begleitet und unterst\u00fctzt. Du erh\u00e4ltst auch deine Seelenzahl und Information welcher Engel dir gerade unterst\u00fctzend zur Seite steht. Wenn f\u00fcr dich etwas unklar sein sollte, so bitte &hellip; <\/p>\n<p class=\"link-more\"><a href=\"https:\/\/lebensfragen.at\/index.php\/product\/engelbotschaft\/\" class=\"more-link\"><span class=\"screen-reader-text\">\u201eEngelbotschaft\u201c <\/span>weiterlesen<\/a><\/p>\n","protected":false},"featured_media":207,"template":"","meta":[],"product_brand":[],"product_cat":[17],"product_tag":[38,36,33,32,35,34,37,39],"class_list":{"0":"post-203","1":"product","2":"type-product","3":"status-publish","4":"has-post-thumbnail","6":"product_cat-uncategorized","7":"product_tag-antwroten","8":"product_tag-energiefluss","9":"product_tag-engel","10":"product_tag-engelbotschaft","11":"product_tag-engelkontakt","12":"product_tag-kontakt","13":"product_tag-liebe","14":"product_tag-qa","16":"first","17":"instock","18":"virtual","19":"taxable","20":"purchasable","21":"product-type-simple"},"_links":{"self":[{"href":"https:\/\/lebensfragen.at\/index.php\/wp-json\/wp\/v2\/product\/203","targetHints":{"allow":["GET"]}}],"collection":[{"href":"https:\/\/lebensfragen.at\/index.php\/wp-json\/wp\/v2\/product"}],"about":[{"href":"https:\/\/lebensfragen.at\/index.php\/wp-json\/wp\/v2\/types\/product"}],"wp:featuredmedia":[{"embeddable":true,"href":"https:\/\/lebensfragen.at\/index.php\/wp-json\/wp\/v2\/media\/207"}],"wp:attachment":[{"href":"https:\/\/lebensfragen.at\/index.php\/wp-json\/wp\/v2\/media?parent=203"}],"wp:term":[{"taxonomy":"product_brand","embeddable":true,"href":"https:\/\/lebensfragen.at\/index.php\/wp-json\/wp\/v2\/product_brand?post=203"},{"taxonomy":"product_cat","embeddable":true,"href":"https:\/\/lebensfragen.at\/index.php\/wp-json\/wp\/v2\/product_cat?post=203"},{"taxonomy":"product_tag","embeddable":true,"href":"https:\/\/lebensfragen.at\/index.php\/wp-json\/wp\/v2\/product_tag?post=203"}],"curies":[{"name":"wp","href":"https:\/\/api.w.org\/{rel}","templated":true}]}}