{"id":270,"date":"2021-02-24T10:54:11","date_gmt":"2021-02-24T09:54:11","guid":{"rendered":"http:\/\/lebensfragen.at\/?page_id=270"},"modified":"2021-02-24T11:00:06","modified_gmt":"2021-02-24T10:00:06","slug":"buchempfehlung-handbuch-fuer-uebersinnliche-wahrnehmung","status":"publish","type":"page","link":"https:\/\/lebensfragen.at\/index.php\/buchempfehlung-handbuch-fuer-uebersinnliche-wahrnehmung\/","title":{"rendered":"Buchempfehlung: &#8222;Handbuch f\u00fcr \u00fcbersinnliche Wahrnehmung&#8220; von Pete A. Sanders"},"content":{"rendered":"\n<p>Heute m\u00f6chte ich euch, aufgrund der vielen Nachfragen, \u201cWIE man seine F\u00e4higkeiten aber auch Sinne besser trainieren kann\u201d folgendes Buch empfehlen:&nbsp;<\/p>\n\n\n\n<div class=\"wp-block-image\"><figure class=\"aligncenter size-large\"><a href=\"https:\/\/www.amazon.de\/Handbuch-%C3%BCbersinnlicher-Wahrnehmung-%C3%9Cbersinnliche-Feinf%C3%BChligkeit\/dp\/3893854444\/ref=sr_1_4?__mk_de_DE=%C3%85M%C3%85%C5%BD%C3%95%C3%91&amp;dchild=1&amp;keywords=handbuch+f%C3%BCr+f%C3%A4higkeiten&amp;qid=1614160040&amp;sr=8-4lebensfrage08-21\"><img loading=\"lazy\" decoding=\"async\" width=\"321\" height=\"499\" src=\"http:\/\/lebensfragen.at\/wp-content\/uploads\/2021\/02\/image-1.jpeg\" alt=\"\" class=\"wp-image-274\" srcset=\"https:\/\/lebensfragen.at\/wp-content\/uploads\/2021\/02\/image-1.jpeg 321w, https:\/\/lebensfragen.at\/wp-content\/uploads\/2021\/02\/image-1-193x300.jpeg 193w\" sizes=\"auto, (max-width: 321px) 100vw, 321px\" \/><\/a><\/figure><\/div>\n\n\n\n<p>Ich selbst habe, vor mehr als  12 Jahren, also ganz an meiner Anfangszeit, als ich mit meinen F\u00e4higkeiten wieder wahrnehmen wollte, damit begonnen zu trainieren. Das Buch hat mich sehr dabei unterst\u00fctzt nicht nur meine F\u00e4higkeiten besser zu verstehen, Informationen zu erhalten, sondern sie auch, mit speziellen \u00dcbungen, zu trainieren. Ich kann es wirklich jedem ans Herz legen, der sein Potential auf Erden wieder wahrnehmen und leben m\u00f6chte.&nbsp;<\/p>\n\n\n\n<p>Ich w\u00fcnsche dir viel Freude damit und w\u00fcrde mich freuen, wenn du verr\u00e4tst wie DU es fandest \ud83d\ude42&nbsp;<\/p>\n\n\n\n<p>Liebevolle Gr\u00fc\u00dfe<\/p>\n\n\n\n<p>deine Kerstin<\/p>\n","protected":false},"excerpt":{"rendered":"<p>Heute m\u00f6chte ich euch, aufgrund der vielen Nachfragen, \u201cWIE man seine F\u00e4higkeiten aber auch Sinne besser trainieren kann\u201d folgendes Buch empfehlen:&nbsp; Ich selbst habe, vor mehr als 12 Jahren, also ganz an meiner Anfangszeit, als ich mit meinen F\u00e4higkeiten wieder wahrnehmen wollte, damit begonnen zu trainieren. Das Buch hat mich sehr dabei unterst\u00fctzt nicht nur &hellip; <\/p>\n<p class=\"link-more\"><a href=\"https:\/\/lebensfragen.at\/index.php\/buchempfehlung-handbuch-fuer-uebersinnliche-wahrnehmung\/\" class=\"more-link\"><span class=\"screen-reader-text\">\u201eBuchempfehlung: &#8222;Handbuch f\u00fcr \u00fcbersinnliche Wahrnehmung&#8220; von Pete A. Sanders\u201c <\/span>weiterlesen<\/a><\/p>\n","protected":false},"author":2,"featured_media":0,"parent":0,"menu_order":0,"comment_status":"closed","ping_status":"closed","template":"","meta":{"footnotes":""},"class_list":["post-270","page","type-page","status-publish","hentry"],"_links":{"self":[{"href":"https:\/\/lebensfragen.at\/index.php\/wp-json\/wp\/v2\/pages\/270","targetHints":{"allow":["GET"]}}],"collection":[{"href":"https:\/\/lebensfragen.at\/index.php\/wp-json\/wp\/v2\/pages"}],"about":[{"href":"https:\/\/lebensfragen.at\/index.php\/wp-json\/wp\/v2\/types\/page"}],"author":[{"embeddable":true,"href":"https:\/\/lebensfragen.at\/index.php\/wp-json\/wp\/v2\/users\/2"}],"replies":[{"embeddable":true,"href":"https:\/\/lebensfragen.at\/index.php\/wp-json\/wp\/v2\/comments?post=270"}],"version-history":[{"count":4,"href":"https:\/\/lebensfragen.at\/index.php\/wp-json\/wp\/v2\/pages\/270\/revisions"}],"predecessor-version":[{"id":279,"href":"https:\/\/lebensfragen.at\/index.php\/wp-json\/wp\/v2\/pages\/270\/revisions\/279"}],"wp:attachment":[{"href":"https:\/\/lebensfragen.at\/index.php\/wp-json\/wp\/v2\/media?parent=270"}],"curies":[{"name":"wp","href":"https:\/\/api.w.org\/{rel}","templated":true}]}}