{"id":171,"date":"2021-02-16T10:38:41","date_gmt":"2021-02-16T09:38:41","guid":{"rendered":"http:\/\/5.132.160.136\/?page_id=171"},"modified":"2023-10-18T11:18:33","modified_gmt":"2023-10-18T09:18:33","slug":"2-grad-usui-reiki","status":"publish","type":"page","link":"https:\/\/lebensfragen.at\/index.php\/2-grad-usui-reiki\/","title":{"rendered":"2. GRAD USUI REIKI"},"content":{"rendered":"\n<p><strong>Der Reiki 2. Grad Kurs \u2013 auch \u201eOku Den\u201c genannt \u2013 steht f\u00fcr den Weg nach innen. Wer bin ich wirklich? Dieser Frage gehen wir beim zweiten Reiki Grad auf den Grund.<\/strong><\/p>\n\n\n<div class=\"wp-block-image is-style-rounded\">\n<figure class=\"aligncenter is-resized\"><img loading=\"lazy\" decoding=\"async\" src=\"https:\/\/cdn.pixabay.com\/photo\/2017\/06\/15\/13\/02\/stone-2405401_960_720.jpg\" alt=\"Stein, Heilende Stein, Reiki\" style=\"width:349px;height:232px\" width=\"349\" height=\"232\"\/><figcaption class=\"wp-element-caption\">Bildquelle: pixabay.at<\/figcaption><\/figure>\n<\/div>\n\n\n<p>Die Voraussetzung f\u00fcr den zweiten Grad ist der Abschluss des ersten Grades. Zwischen dem ersten und dem zweiten Grad sollten mindestens 1- 2 Monate liegen, in der der Reiki-Sch\u00fcler Erfahrungen mit Reiki sammeln sollte. Dies ist nat\u00fcrlich nur eine Empfehlung. Wir entscheiden beide, ob du schon so weit bist. Wichtig ist f\u00fcr mich, dass du dich bereit daf\u00fcr f\u00fchlst.<\/p>\n\n\n\n<p>Der zweite Grad beinhaltet eine erneute Einweihung, in der das Energieniveau erh\u00f6ht wird. Zudem erh\u00e4ltst du eine sehr wirksame Technik (die Arbeit mit den Reiki-Symbolen). Du&nbsp; lernst in diesem Grad die Kraftverst\u00e4rkung (Reiki Symbol ChoKu Rei), die Behandlung der Mentalebene (Reiki Symbol Sei HeKi) und die Anwendung \u00fcber die zeitliche und r\u00e4umliche Entfernung hinaus (Reiki Symbol Hon Sha Ze Sho Nen) kennen.<\/p>\n\n\n\n<p>Mit dem zweiten Reiki-Grad kann man mehr Lebensenergie kanalisieren, sie auf mentalen und emotionalen Ebenen und jenseits von Zeit und Raum zur Verf\u00fcgung stellen. Dieser Grad ist f\u00fcr all jene gedacht, die das Training f\u00fcr den ersten Reiki-Grad abgeschlossen haben, Reiki aktiv in ihrem Leben genutzt haben und die ihre Verpflichtung gegen\u00fcber Reiki und ihrem eigenen spirituellen Wachstum vertiefen, verfeinern und erweitern wollen.<\/p>\n\n\n\n<p>&nbsp;Auch beim zweiten Reiki-Grad ist es wichtig, ein absolut klares inneres Ja zu sp\u00fcren, wenn man diesen Schritt gehen m\u00f6chte. Der kleinste Zweifel zeigt, dass man sich f\u00fcr die Einweihung in den zweiten Grad noch Zeit lassen sollte. Diese Zeit braucht man, um alles zu kl\u00e4ren, was noch zu kl\u00e4ren ist.<\/p>\n\n\n\n<p>Bei der Weihe in den zweiten Reiki-Grad, erf\u00e4hrt der Reiki Sch\u00fcler eine weitere Schwingungserh\u00f6hung und bekommt die Einweihung in drei Reiki Symbole (ChoKu Rei, Hon Sha Ze Sho Nen, Sei HeKi). Diese Einweihung geschieht wieder \u00fcber die Ferne. Zus\u00e4tzlich erh\u00e4ltst du eine Einweihung in die Energien des CHI Balls. Diese erm\u00f6glicht dir dann, deine Energie geb\u00fcndelt an jemanden zu schicken. Z.B: So sende ich meinen Kindern Energie, als Unterst\u00fctzung bei Schularbeiten oder wichtigen Pr\u00fcfungen usw. Ich kann mit den Energien des Chiballs genauen Zeitpunkt und meine Energie schon vor der kommenden Zeit b\u00fcndeln und aktivieren. Diese Energie kommt dann genau zum gew\u00e4hlten Zeitpunkt an.<\/p>\n\n\n\n<p>Auch hier unterst\u00fctze ich dich wieder bei deinem 21 Tagen Reinigungsprozess, durch Behandlung oder schriftliches beantworten deiner Fragen. Du erh\u00e4ltst ein ausf\u00fchrliches und sehr detailliertes Skript zu beiden Einweihungen, ein Zertifikat und meine Unterst\u00fctzung, wann immer du sie brauchst.<\/p>\n\n\n\n<p><strong>Die Kosten hierf\u00fcr betragen inkl. 21 Tage Begleitung, Skript und Zertifikat&nbsp; 330 Euro.<\/strong><\/p>\n","protected":false},"excerpt":{"rendered":"<p>Der Reiki 2. Grad Kurs \u2013 auch \u201eOku Den\u201c genannt \u2013 steht f\u00fcr den Weg nach innen. Wer bin ich wirklich? Dieser Frage gehen wir beim zweiten Reiki Grad auf den Grund. Die Voraussetzung f\u00fcr den zweiten Grad ist der Abschluss des ersten Grades. Zwischen dem ersten und dem zweiten Grad sollten mindestens 1- 2 &hellip; <\/p>\n<p class=\"link-more\"><a href=\"https:\/\/lebensfragen.at\/index.php\/2-grad-usui-reiki\/\" class=\"more-link\"><span class=\"screen-reader-text\">\u201e2. GRAD USUI REIKI\u201c <\/span>weiterlesen<\/a><\/p>\n","protected":false},"author":2,"featured_media":0,"parent":0,"menu_order":0,"comment_status":"closed","ping_status":"closed","template":"","meta":{"footnotes":""},"class_list":["post-171","page","type-page","status-publish","hentry"],"_links":{"self":[{"href":"https:\/\/lebensfragen.at\/index.php\/wp-json\/wp\/v2\/pages\/171","targetHints":{"allow":["GET"]}}],"collection":[{"href":"https:\/\/lebensfragen.at\/index.php\/wp-json\/wp\/v2\/pages"}],"about":[{"href":"https:\/\/lebensfragen.at\/index.php\/wp-json\/wp\/v2\/types\/page"}],"author":[{"embeddable":true,"href":"https:\/\/lebensfragen.at\/index.php\/wp-json\/wp\/v2\/users\/2"}],"replies":[{"embeddable":true,"href":"https:\/\/lebensfragen.at\/index.php\/wp-json\/wp\/v2\/comments?post=171"}],"version-history":[{"count":5,"href":"https:\/\/lebensfragen.at\/index.php\/wp-json\/wp\/v2\/pages\/171\/revisions"}],"predecessor-version":[{"id":568,"href":"https:\/\/lebensfragen.at\/index.php\/wp-json\/wp\/v2\/pages\/171\/revisions\/568"}],"wp:attachment":[{"href":"https:\/\/lebensfragen.at\/index.php\/wp-json\/wp\/v2\/media?parent=171"}],"curies":[{"name":"wp","href":"https:\/\/api.w.org\/{rel}","templated":true}]}}