{"id":146,"date":"2021-02-16T09:40:57","date_gmt":"2021-02-16T08:40:57","guid":{"rendered":"http:\/\/5.132.160.136\/?page_id=146"},"modified":"2024-07-29T17:15:21","modified_gmt":"2024-07-29T15:15:21","slug":"onlineservice-persoenliche-wegbegleitung","status":"publish","type":"page","link":"https:\/\/lebensfragen.at\/index.php\/onlineservice-persoenliche-wegbegleitung\/","title":{"rendered":"Pers\u00f6nliche Termine\/ONLINESERVICE &#8211; Pers\u00f6nliche Wegbegleitung"},"content":{"rendered":"<div class=\"wp-block-image is-style-rounded\">\n<figure class=\"aligncenter is-resized\"><img decoding=\"async\" src=\"https:\/\/cdn.pixabay.com\/photo\/2016\/02\/17\/15\/37\/laptop-1205256_960_720.jpg\" alt=\"Laptop, Kaffee, Arm, Schreibtisch, Notebook, Schreiben\" style=\"width:367px;height:219px\"\/><figcaption class=\"wp-element-caption\">Bildquelle: Pixabay.at<\/figcaption><\/figure>\n<\/div>\n\n\n<p>Zur Zeit biete ich NUR pers\u00f6nliche Beratungen per Videochat \u00fcber WhatsApp oder Google Meeting an.\u00a0<\/p>\n\n\n\n<p class=\"has-text-align-center\"><strong>Preise f\u00fcr die pers\u00f6nliche Beratung in den R\u00e4umen von Riegersburg pro Sitzung  98 Euro\/Stunde<\/strong><\/p>\n\n\n\n<p class=\"has-text-align-center\"><strong>Preise f\u00fcr die pers\u00f6nliche Beratung per WhatsApp Videocall oder Google Meeting pro Sitzung  88 Euro\/Stunde<\/strong><\/p>\n\n\n\n<p>Ich biete auch weiterhin mein Onlineservice an. Du kannst mich also auch weiterhin telefonisch, schriftlich oder pers\u00f6nlich per Videochat erreichen \ud83d\ude42&nbsp;<\/p>\n\n\n\n<p>Ich bin also auch weiterhin \u00fcber das Onlineservice pers\u00f6nlich f\u00fcr dich erreichbar.  Vielleicht anders, als wir es bisher gewohnt waren, aber f\u00fcr mich macht es keinen Unterschied, ob du vor mir sitzt oder ich dich \u00fcber meinen Laptop\/Handy via Videochat sehe.<\/p>\n\n\n\n<p>Deshalb biete ich nun pers\u00f6nliche Gespr\u00e4che von Face to Face via Google Meeting \u2013 Videokonferenz sowie auch per WhatsApp Video an.<\/p>\n\n\n\n<p><em>Kurz zur Erkl\u00e4rung<\/em>\u00a0\u2013 Google Meeting \u2013 Videokonferenz bietet die M\u00f6glichkeit, das wir innerhalb eines Videochats (das hei\u00dft ich bin f\u00fcr dich sichtbar und du f\u00fcr mich) unterhalten und deine Situation\/Thema oder Fragen besprechen k\u00f6nnen. So als ob du auf meiner Couch sitzen w\u00fcrdest.<\/p>\n\n\n\n<p>Der Ablauf wird so sein, das du einen&nbsp;<strong>pers\u00f6nlichen Termin <\/strong>von mir erh\u00e4ltst, den ohne Planung geht nat\u00fcrlich zur Zeit nichts \u2013 NEUKUNDEN: du \u00fcberweist dann VORAB den Energieausgleich und dann erh\u00e4ltst du von mir einen Link (Du brauchst dich hierf\u00fcr nicht zu registrieren, sondern einfach deinen Vornamen eingeben), unter dem du mich dann erreichst.&nbsp; Pro Min.\/ werden 1,30 Euro verrechnet.<\/p>\n\n\n\n<p>Es ist am Anfang vielleicht ein wenig ungewohnt, f\u00fcr dich, wie auch f\u00fcr mich. Aber so kann ich auch pers\u00f6nlich weiterhin f\u00fcr dich erreichbar und greifbar sein. Mittlerweile, immerhin mache ich dies nun schon seit Beginn von Corona, und bin ich sehr begeistert davon. Ich kann dir so garantieren, keine Termine aufgrund neuer Verordnungen oder Richtlinien absagen zu m\u00fcssen. DU brauchst mir keinen Test vorzeigen oder gar eine FFP2 Maske tragen, sondern wir k\u00f6nnen uns gem\u00fctlich unterhalten, ohne von Au\u00dfen uns beeinflussen zu lassen. Es klappt super, bitte sei einfach offen daf\u00fcr \ud83d\ude42 <\/p>\n\n\n\n<p><strong>WICHTIG:<\/strong>&nbsp;f\u00fcr deine Terminfixierung ben\u00f6tige ich deinen vollst\u00e4ndigen Namen, sowie Adresse als SMS, Email oder WhatsAPP Nachricht. Erst ab dem Erhalt deiner Daten, ist dir dein Termin sicher. DU hast bis zu 2 Stunden vorher Zeit deinen Termin ohne Gr\u00fcnde abzusagen. Solltest du dich nicht melden, so verrechne ich&nbsp;<strong>45 Euro Aufwandsentsch\u00e4digung<\/strong>&nbsp;von dir.<\/p>\n\n\n\n<p><\/p>\n\n\n\n<p>Melde dich einfach unter office@lebensfragen.at oder gerne auch per Whatsapp unter 0676\/62 64 810, Facebook oder Instagram \ud83d\ude42 <\/p>\n","protected":false},"excerpt":{"rendered":"<p>Zur Zeit biete ich NUR pers\u00f6nliche Beratungen per Videochat \u00fcber WhatsApp oder Google Meeting an.\u00a0 Preise f\u00fcr die pers\u00f6nliche Beratung in den R\u00e4umen von Riegersburg pro Sitzung 98 Euro\/Stunde Preise f\u00fcr die pers\u00f6nliche Beratung per WhatsApp Videocall oder Google Meeting pro Sitzung 88 Euro\/Stunde Ich biete auch weiterhin mein Onlineservice an. Du kannst mich also &hellip; <\/p>\n<p class=\"link-more\"><a href=\"https:\/\/lebensfragen.at\/index.php\/onlineservice-persoenliche-wegbegleitung\/\" class=\"more-link\"><span class=\"screen-reader-text\">\u201ePers\u00f6nliche Termine\/ONLINESERVICE &#8211; Pers\u00f6nliche Wegbegleitung\u201c <\/span>weiterlesen<\/a><\/p>\n","protected":false},"author":2,"featured_media":0,"parent":0,"menu_order":0,"comment_status":"closed","ping_status":"closed","template":"","meta":{"footnotes":""},"class_list":["post-146","page","type-page","status-publish","hentry"],"_links":{"self":[{"href":"https:\/\/lebensfragen.at\/index.php\/wp-json\/wp\/v2\/pages\/146","targetHints":{"allow":["GET"]}}],"collection":[{"href":"https:\/\/lebensfragen.at\/index.php\/wp-json\/wp\/v2\/pages"}],"about":[{"href":"https:\/\/lebensfragen.at\/index.php\/wp-json\/wp\/v2\/types\/page"}],"author":[{"embeddable":true,"href":"https:\/\/lebensfragen.at\/index.php\/wp-json\/wp\/v2\/users\/2"}],"replies":[{"embeddable":true,"href":"https:\/\/lebensfragen.at\/index.php\/wp-json\/wp\/v2\/comments?post=146"}],"version-history":[{"count":8,"href":"https:\/\/lebensfragen.at\/index.php\/wp-json\/wp\/v2\/pages\/146\/revisions"}],"predecessor-version":[{"id":606,"href":"https:\/\/lebensfragen.at\/index.php\/wp-json\/wp\/v2\/pages\/146\/revisions\/606"}],"wp:attachment":[{"href":"https:\/\/lebensfragen.at\/index.php\/wp-json\/wp\/v2\/media?parent=146"}],"curies":[{"name":"wp","href":"https:\/\/api.w.org\/{rel}","templated":true}]}}